 t be h(-3). Let y be (-3 - -7) + t + -1. Let q(a) = 2*a**3 - 3*a**2. Let v be q(y). Determine f(v).
0
Let x(r) = -17*r**2 - 28*r - 12. Let f(g) = -7*g**2 - 13*g - 8. Let i(c) = -5*f(c) + 2*x(c). What is i(-3)?
-2
Let m(a) be the third derivative of 9*a**5/20 - a**4/24 - 46*a**2 + 4*a. Calculate m(-1).
28
Suppose 10*u - 5*u - 2*y = 31, 2*u + 4*y = -2. Suppose -o + u*b = 19, -o - 4*b + 8*b = 14. Let w(v) = 5*v**2 + 6*v**3 - 2*v**3 + 7*v - 5*v**3. What is w(o)?
6
Suppose 4*g = -4*z - 28, g = -8*z + 3*z - 19. Let o(r) = -1. Let a(c) = -c + 7. Let y be a(6). Let s(m) = m**2 + m - 2. Let q(u) = y*o(u) + s(u). What is q(z)?
3
Let p(w) be the first derivative of -3*w**4/4 + 2*w**3 + 2*w**2 - 753. Calculate p(-1).
5
Let c(f) = 16*f**3 + 2*f**2 - 1. Suppose -5*t = i + 40 + 37, -2*i + 4*t = 98. Let a be (-1)/(111/i + 2). Let m(j) = 2*j + 37. Let o be m(a). Calculate c(o).
-15
Let c(q) = 2173 - 6482 - 12*q**2 + 2157 + 2156 - 4*q. Determine c(1).
-12
Let j(m) = -m - 6*m + 45*m - 89 - 12*m + 2*m**2. Let b be j(-16). Let v(n) = n**3 - 7*n**2 - 2*n + 12. Calculate v(b).
-2
Let g(y) = 0*y + y**3 - 1 + 5*y + 0*y + y**2 + 5. Suppose -616 + 655 = -3*s + 5*n, 0 = -4*s - n - 6. Calculate g(s).
-29
Let y(x) be the third derivative of x**6/360 - x**5/12 - 3*x**4/8 + 43*x**3/3 - x**2 - 12*x. Let f(q) be the first derivative of y(q). Determine f(11).
2
Let a(j) = 24 - 44*j + 2 - 37 - 106 + 41*j**2 + j**3 + 15. Give a(-42).
-18
Let f(o) = o**3 + 37*o**2 - 36*o + 85. Let a = -17283 + 17245. What is f(a)?
9
Let q(h) = -h**2 + 18*h - 1. Let w(i) = -2*i**2 + 19*i - 1. Let r(y) = -3*q(y) + 2*w(y). Give r(-13).
40
Let i(b) = -2*b - 1. Let o be -1 + 5 - 2 - 0. Suppose 5*k - 2 = o*v, 7*k - 5*v = 2*k - 10. Suppose r + 4*r = 2*x + 23, 2*x + 2 = -k*r. Give i(x).
7
Let d(u) be the first derivative of -2*u**3/3 - 5*u**2 - 9*u - 1164. Determine d(-8).
-57
Let d(p) = -p**3 + 6*p**2 - 8*p + 17. Suppose 11 = 3*a - 2*j, 2*a + 4*j = a + 13. Determine d(a).
2
Let m(h) = -h**3 - 12*h**2 - 14*h + 3. Suppose 1447*a - 968 = 1535*a. Determine m(a).
36
Let k(j) be the second derivative of -3*j**5/20 - j**4/3 + j**3/2 - j**2/2 + 979*j - 7. Let l(n) = n**3 + 6*n**2 - 8*n - 5. Let a be l(-7). Give k(a).
-35
Let j = 946 + -946. Let k(q) = -q**3 + q**2 - 3. Give k(j).
-3
Let q(s) be the second derivative of s**5/20 + 9*s**4/4 + 9*s**3/2 + 21*s**2/2 + 2*s - 17. Let y(o) = 2*o - 16. Let t be y(-5). Determine q(t).
-5
Let w = 10284 + -10292. Let a(c) = -c**3 - 13*c**2 - 43*c - 29. Give a(w).
-5
Let o(a) = -3*a + 14. Let f(h) = h - 3. Let n be (-728)/126 - (-8)/(-36). Let j(g) = n*f(g) - o(g). What is j(4)?
-8
Let k(l) = 6*l**2 - 34*l + 42. Let t(n) = 13*n**2 - 67*n + 92. Let y(j) = 9*k(j) - 4*t(j). Calculate y(19).
10
Let u be 5*81/45 - 5/1. Let m(z) = 230*z - u - 228*z - 6. What is m(8)?
6
Let r(u) be the first derivative of 71 + 1/2*u**2 + 2*u. Give r(-2).
0
Suppose a - 6 = 2*a. Let i = a - -10. Let n(l) be the first derivative of l**3/3 - 3*l**2 - 2*l - 471. What is n(i)?
-10
Suppose 3*u = -2*d + 47, 3*u = d + 20 + 15. Suppose h = -4*q + 10, u = 4*q + 4*h - 3. Let v(n) = -1 + 189*n + 2*n**2 - 189*n. What is v(q)?
7
Suppose -5*a - 25 = -0*a. Let l = -150 + 153. Let h(n) = 3 - 5 + l*n - 2*n + 8. Calculate h(a).
1
Suppose 0 = -3*u + 2*v + 14, u + 0*u = v + 5. Let j(y) = -3 - 2*y + 5*y**2 - 3*y**2 + 4*y**2 + 4*y**2 + u. What is j(2)?
37
Let x be (-420)/(-180) + (-5)/(-3). Let v(h) = -293*h - x + 153*h + 145*h. Determine v(-4).
-24
Let a(r) = -2*r + 4. Let l(x) = 5*x - 28. Let m be l(6). Suppose 32 = -4*j - m*d, -d - 16 = 3*d. Let h be 3 + (14/(-21))/(4/j). Determine a(h).
-4
Let u(j) = j**2 - 4*j + 3. Let v be u(4). Suppose -6*c = -v*c + 5*l - 52, -10 = -5*l. Let d(k) = 5*k - 7*k**2 + k**3 + 10 - 5*k**2 - c*k - 5*k. Calculate d(13).
-3
Let s(q) = q**2 - 10*q - 11. Suppose 5*p - w + 41 = 4, -5*p - 29 = 3*w. What is s(p)?
108
Let g(l) = 0*l**3 - 10*l - l**3 + 8*l**2 - 31 + 39 - 6. Determine g(6).
14
Let r(f) = 4*f**2 + 2*f + 14. Let u = 203 - 207. Let p(y) = -5*y**2 - 3*y - 15. Let w(v) = u*r(v) - 3*p(v). Calculate w(0).
-11
Let x(s) = s**3 - 12*s**2 - 26*s - 25. Let f be x(14). Suppose -g - 21 = -5*j, -f*j - 4*g + 9 = 1. Let m(o) = o + 1. Determine m(j).
5
Let b(y) = 2*y + 4*y**2 + 3*y - 3*y + 2 - 3*y + 1. Let q(h) = 0*h - 3*h**2 + 1 + 2*h - 3. Let z(u) = 4*b(u) + 5*q(u). What is z(-5)?
-3
Let b(z) = -3*z**2 + 21*z + 3. Let t be b(10). Let w = t + 94. Let f(u) = 3*u**2 - 19*u - 7. Let v be f(w). Let q(o) = -o**2 + 7*o - 2. What is q(v)?
-2
Let k(r) = 2*r**2 - r**2 + 547*r - 557*r - 4. Suppose 2*x - 416 = -25*x - 5*x. Determine k(x).
35
Let w(y) = 2*y**2 + 11*y + 10. Let p be w(-4). Let h(n) = n**2 - n - 10. Let f be h(5). Let g(r) = 1 - 9*r + 17*r - f*r. Determine g(p).
5
Let r = 36 + -19. Let u = r + -15. Let p(l) = -4 + l - u*l + 4. Give p(4).
-4
Let h(g) be the third derivative of g**5/30 - 11*g**4/12 - 23*g**3/3 - 612*g**2. Determine h(13).
6
Let m(l) = -36*l. Suppose -10*d - 30 = 20*d. Calculate m(d).
36
Let y(u) = u**3 - 7*u**2 + 3*u + 16. Suppose 4*w = 4*m - 36, 2*w - 38 = -2*m - 36. What is y(m)?
-19
Let h(g) = g**3 - 6*g**2 + g - 6. Let x(f) = f**3 - 22*f**2 + 53*f + 79. Let l be x(19). What is h(l)?
-30
Let j(q) = 3*q + 14 + q**2 + 0*q - 500*q**3 - 12 - 6*q**2 + 501*q**3 - q. Let g(y) = 7*y**3 + y**2 - y - 1. Let x be g(-1). Let a = 10 + x. Give j(a).
-6
Suppose 20 = -4*y, -2*y = -4*b + 3*y + 45. Let z be 1/(((-75)/(-20) + -4)/(-2)). Let u = b - z. Let l(x) = x + 2. Determine l(u).
-1
Let a = 46/225 - 293/1800. Let i(w) be the third derivative of 0 - 25*w**2 - a*w**4 + 0*w - 4/3*w**3. Give i(-7).
-1
Let v(p) = p**3 + p**2 - 2*p + 4. Suppose -176 = 5*u + 2*g + 23, 0 = 2*u + 2*g + 82. Let t = u + 63. Suppose -12*s = -4*s + t. Calculate v(s).
-8
Let h be -1 + 1 - ((0 - -5) + -3). Let w(c) be the third derivative of -7*c**4/24 - 2*c**3/3 - 2*c**2 + 89. What is w(h)?
10
Let q(d) = 4*d**2 + 6*d. Let g(v) = 9*v**2 + 11*v. Let m(p) = 3*g(p) - 7*q(p). Let l = 733 + -742. Give m(l).
0
Let n(v) = 2*v**2 - 1. Let a be (-12)/18 - (-2)/3. Suppose a = -4*z - 5*q - 16, -2*q - q = -z - 4. Let t be 91/28 + 1/z. Calculate n(t).
17
Let q(m) = -m**2 - 9*m + 8. Let z(y) be the first derivative of -2*y**3/3 - 17*y**2/2 + 14*y - 100. Let g(b) = -7*q(b) + 4*z(b). Give g(-5).
0
Let g(i) = 1267*i**3 + 3*i**2 + 2*i**2 - 44 - 2*i**2 + 18*i - 1268*i**3. Let j be g(3). Let h(x) = -x**3 + 10*x**2 + 2*x - 9. What is h(j)?
11
Let g(r) be the second derivative of -r**4/12 + r**3 - r**2 + 6*r. Suppose 2328 = 28*u + 554*u. Give g(u).
6
Let m(i) = -2*i - 23. Let c(w) = w**2 - 118*w + 1348. Let q be c(13). Calculate m(q).
11
Let b(k) = -38*k - 13 + 22*k - 2 - 11*k**2 + 4*k + 10*k**2. What is b(-6)?
21
Let q(n) = 4*n - 51. Let m(v) = 15*v - 303. Let t(z) = -6*m(z) + 35*q(z). Give t(-3).
-117
Let k(d) = -1 - 6*d - 2*d**2 + d**3 + 0 + 7*d**2. Let x(p) = 2*p**2 - 27*p - 20. Let u be (-10400)/(-728) - (-2)/(-7). Let b be x(u). Give k(b).
-1
Suppose 0 = -0*k - 3*k. Suppose 5*j + 4*v + 25 = k, -5*j - v = v + 25. Let d(m) = 3*m - 1. Let s(u) = -17*u + 14. Let c(i) = -6*d(i) - s(i). Determine c(j).
-3
Let x(h) = -4*h + 59. Let n be 4/3*(-42)/4*(448 + -449). Determine x(n).
3
Let z(u) = 4*u**2 - u + 2. Let b(q) = q**3 + 10*q**2 + 10*q - 47. Let m = 12 - 20. Let p be b(m). What is z(p)?
5
Let m(b) = 3*b**2 + 55*b + 12. Let g = 9502 - 9520. What is m(g)?
-6
Let q(n) = 3*n**2 - n - 36. Let s(o) = 9*o**2 + 48*o + 147. Let k(j) = 4*q(j) + s(j). Calculate k(-2).
-1
Let p be 10/15 + (1 - 6/9). Let c be p*(2/(-5))/(20/50). Let b(u) be the first derivative of 5*u**4/2 + u**3/3 - 1. Calculate b(c).
-9
Let q(y) = 4*y - 10. Let x(s) = s**2 - 23*s + 54. Let a be x(3). Calculate q(a).
-34
Let v(g) = g**3 + 10*g**2 + 14*g + 17. Suppose 0 = -80*t - 894 + 174. Give v(t).
-28
Suppose -g = -4*o - 10 - 4, 0 = -2*o - 6. Suppose v = 5*t - 14, -7*v - 18 = t - g*v. Let p(i) = -3*i**2 - i**3 - 244*i + 249*i - 2*i**t - 5. What is p(-6)?
1
Suppose 3*f = 3*z + 24, -2*z - 2*z - 29 = -3*f. Suppose 4*g - 3*d = 24, -6*d = -3*d. Let w(m) = g*m + 0*m - 12*m + 5*m. Calculate w(f).
-3
Let o(l) = -4 + 4 + 14 - 4 + 11 - l. Let z be ((-168)/(-30))/(-7) + 138/10. What is o(z)?
8
Let w(u) be the second derivative of -9/2*u**2 + 0 + 1/6*u**3 + 88*u. Determine w(11).
2
Let g(b) =